?
False
Is 528017 composite?
True
Is 6755129 a prime number?
True
Is 124740277 a composite number?
True
Is 30080107 prime?
True
Is 48378823 composite?
False
Is 808828519 a composite number?
False
Is 251567 composite?
False
Is 741995 prime?
False
Is 10392233 a composite number?
False
Is 7821839 composite?
True
Is 2716471 composite?
False
Is 82527881 a composite number?
True
Is 414400681 prime?
True
Is 77911 a prime number?
False
Is 51800737 prime?
False
Is 513487 a composite number?
True
Is 55301603 prime?
False
Is 5253431 a prime number?
True
Is 17780647 prime?
True
Is 1813111711 composite?
False
Is 25047797 a prime number?
False
Is 26540231 composite?
True
Is 3914758 composite?
True
Is 484439 prime?
True
Is 403999 a composite number?
True
Is 606690611 a prime number?
False
Is 2520669 a composite number?
True
Is 15716219 a prime number?
True
Is 8402327 prime?
True
Is 2225491 composite?
False
Is 206498023 a composite number?
True
Is 144134701 a composite number?
False
Is 1953779 prime?
False
Is 16405277 prime?
False
Is 15093523 a composite number?
True
Is 37888453 composite?
False
Is 51222749 a prime number?
False
Is 55021 composite?
False
Is 3784777 a composite number?
False
Is 20290069 prime?
False
Is 49956917 a prime number?
True
Is 239231 composite?
False
Is 534227 a composite number?
True
Is 4188281 composite?
False
Is 282959 a prime number?
True
Is 3023821 prime?
True
Is 142748017 prime?
True
Is 1525607 prime?
True
Is 9919183 prime?
True
Is 2140967 composite?
False
Is 42999863 composite?
True
Is 236463895 a composite number?
True
Is 3557341 composite?
True
Is 55879279 a composite number?
False
Is 7107619 composite?
False
Is 468423707 composite?
True
Is 28014211 a composite number?
True
Is 763739 prime?
True
Is 58191583 prime?
False
Is 39636017 composite?
True
Is 41745937 a prime number?
True
Is 132339821 composite?
False
Is 9740491 composite?
True
Is 820802 composite?
True
Is 70879793 a prime number?
True
Is 1294103 composite?
False
Is 172505867 composite?
True
Is 44406259 a composite number?
True
Is 12533021 prime?
False
Is 2303107 prime?
False
Is 513593 prime?
True
Is 500932493 prime?
True
Is 666337 prime?
False
Is 29809799 composite?
False
Is 7723643 composite?
False
Is 9230483 a prime number?
True
Is 1811153 prime?
False
Is 3278629 prime?
True
Is 18669403 composite?
False
Is 260498981 a prime number?
False
Is 2109449 prime?
True
Is 154119617 a prime number?
True
Is 476809 a prime number?
False
Is 9052853 composite?
False
Is 5741297 a prime number?
False
Is 521281973 a prime number?
True
Is 4859949 prime?
False
Is 86438207 composite?
True
Is 4284998 a prime number?
False
Is 25638293 a prime number?
True
Is 17626313 a composite number?
False
Is 556625261 a prime number?
True
Is 17895599 a prime number?
True
Is 81080273 a prime number?
True
Is 3364573 composite?
False
Is 56779369 a composite number?
False
Is 94706243 composite?
False
Is 12224603 prime?
True
Is 3743081 a composite number?
False
Is 732847 composite?
True
Is 58729537 prime?
False
Is 3998399 a prime number?
True
Is 1295443 composite?
True
Is 37680883 prime?
True
Is 18169207 prime?
False
Is 4948939 composite?
False
Is 507287303 prime?
True
Is 166492433 prime?
False
Is 428191 prime?
False
Is 67975454 a prime number?
False
Is 1310251 a composite number?
False
Is 220290515 a prime number?
False
Is 714830021 a composite number?
False
Is 54911951 composite?
False
Is 3847237 composite?
False
Is 13935713 a composite number?
True
Is 84994129 a composite number?
True
Is 21478969 composite?
True
Is 1499599 a prime number?
False
Is 53099227 a composite number?
False
Is 10335539 a prime number?
False
Is 195902566 a prime number?
False
Is 39704101 a prime number?
True
Is 55228601 a prime number?
True
Is 14543473 a composite number?
True
Is 283231 composite?
True
Is 61431 a prime number?
False
Is 29976631 prime?
False
Is 2454961 composite?
False
Is 310496542 prime?
False
Is 255151849 a prime number?
True
Is 40388419 composite?
False
Is 38781011 a prime number?
True
Is 16590367 prime?
False
Is 509939 composite?
False
Is 263636161 prime?
True
Is 98378123 composite?
True
Is 33767209 a prime number?
False
Is 5479127 prime?
True
Is 146091751 a prime number?
False
Is 2957321 prime?
True
Is 38472373 a prime number?
True
Is 256430111 a prime number?
False
Is 20910787 prime?
True
Is 72057803 a prime number?
True
Is 3798983 prime?
True
Is 9372853 a prime number?
False
Is 8125307 composite?
True
Is 443837 a prime number?
True
Is 27545737 composite?
True
Is 7667329 composite?
False
Is 133897781 prime?
True
Is 34081831 a composite number?
True
Is 86590421 a composite number?
False
Is 5580739 a prime number?
False
Is 12337297 prime?
False
Is 27454549 a composite number?
False
Is 1181303 a prime number?
False
Is 1462826 a prime number?
False
Is 183871 a composite number?
False
Is 1087543 a prime number?
True
Is 21807893 composite?
False
Is 2181329 prime?
True
Is 51076891 a prime number?
False
Is 11135911 a composite number?
False
Is 62478409 prime?
False
Is 62220847 a prime number?
False
Is 718526473 composite?
True
Is 2422897 prime?
False
Is 50115929 composite?
False
Is 55689421 a prime number?
True
Is 153645241 prime?
True
Is 96204035 a prime number?
False
Is 5233285 a composite number?
True
Is 15840593 prime?
True
Is 20484767 a composite number?
False
Is 29213177 a composite number?
True
Is 25593809 prime?
False
Is 20327 composite?
False
Is 144081191 a composite number?
False
Is 162115919 a prime number?
False
Is 302279 composite?
False
Is 257155 a prime number?
False
Is 108817931 a prime number?
True
Is 5665967 prime?
True
Is 18791427 prime?
False
Is 7498459 composite?
False
Is 6195593 composite?
True
Is 2426693 composite?
False
Is 122802074 a prime number?
False
Is 1207933 a prime number?
True
Is 5221283 prime?
True
Is 166294966 a composite number?
True
Is 12252327 composite?
True
Is 5570077 prime?
False
Is 28918987 prime?
True
Is 800463893 prime?
False
Is 17766823 prime?
True
Is 927050723 prime?
False
Is 58203527 a composite number?
False
Is 138379849 a prime number?
True
Is 7089637 prime?
True
Is 36358129 composite?
False
Is 218145779 a composite number?
False
Is 83715773 composite?
False
Is 85952701 a composite number?
True
Is 6967757 a prime number?
True
Is 118848319 a composite number?
False
Is 55908499 prime?
True
Is 13182061 prime?
True
Is 6830713 a prime number?
False
Is 43443259 a composite number?
False
Is 28645987 a prime number?
False
Is 2109641 composite?
False
Is 102193087 composite?
True
Is 56254313 prime?
True
Is 42250359 composite?
True
Is 14870813 a prime number?
True
Is 191111 prime?
False
Is 37614461 a prime number?
False
Is 4089881 prime?
False
Is 221681 a prime number?
False
Is 12869651 a prime number?
True
Is 754187 prime?
False
Is 60321913 a prime number?
True
Is 54267 a composite number?
True
Is 2647913 composite?
True
Is 27879905 prime?
False
Is 7809593 a prime number?
False
Is 195461167 a prime number?
False
Is 1130777 a prime number?
True
Is 239167517 prime?
True
Is 290692183 prime?
True
Is 9076069 composite?
True
Is 849710159 a prime number?
False
Is 73888357 prime?
True
Is 45788933 composite?
False
Is 6259003 composite?
False
Is 443007823 prime?
False
Is 54718295 composite?
True
Is 209845993 composite?
True
Is 22963817 composite?
False
Is 196007 prime?
False
Is 3868717 prime?
True
Is 30862661 a composite number?
False
Is 21169061 composite?
False
Is 48639463 prime?
False
Is 23716687 prime?
False
Is 134094631 prime?
False
Is 37431131 composite?
False
Is 203421997 a composite number?
False
Is 166491461 a prime number?
True
Is 14438951 a prime number?
False
Is 390090689 prime?
True
Is 180981223 a composite number?
True
Is 124689823 a prime number?
True
Is 112714597 composite?
False
Is 75730537 composite?
False
Is 118304531 composite?
True
Is 7157981 a prime number?
True
Is 538987 a composite number?
False
Is 703859791 a prime number?
True
Is 6943993 composite?
True
Is 2255191 a composite number?
False
Is 3434993 composite?
True
Is 139347217 prime?
False
Is 5230997 prime?
True
Is 17780987 a prime number?
False
Is 11754713 prime?
False
Is 618775301 prime?
True
Is 107507 prime?
True
Is 406463 prime?
False
Is 428477 a composite number?
True
Is 29612981 a prime number?
Tru